4*c - f. What are the prime factors of c?
127
Suppose -3*f + 2*f + l = -182, -5*f = -l - 922. List the prime factors of f.
5, 37
Let r(b) = -b**3 + 3*b**2 + 3*b + 2. Let n be r(3). Let a(d) = d. Let o(v) = -v**2 + 9*v + 2. Let j(y) = 2*a(y) + o(y). List the prime factors of j(n).
2
Let a(g) = -5*g**2 - 7*g - 1. Let b(q) = -11*q**2 - 14*q - 2. Let w(z) = 9*a(z) - 4*b(z). Let i(j) = j - 12. Let l be i(6). List the prime factors of w(l).
5
Let v(p) be the third derivative of -p**6/120 - p**5/20 + p**4/4 + 2*p**3/3 - 39*p**2. List the prime factors of v(-8).
2, 3, 23
Let l be ((-14)/4)/((-7)/(-14)). Suppose -n - 25 = 5. Let x = l - n. What are the prime factors of x?
23
Let a be 2*(84/(-8))/(-7). Suppose 3*y = -2*g + 2, 5 = -2*y - a*y + 5*g. List the prime factors of (y - (3 + -2)) + 17.
2
Let p(c) = c**3 - 3*c**2 - 4*c + 5. Let i be p(4). Suppose -4*d + i*o + 429 = 0, 5*d - 500 = o - 2*o. List the prime factors of d.
101
Let r(i) = i**3 + 3*i**2 - 7*i - 3. Let c be r(-5). Let v(n) = -n**3 - 11*n**2 + 28*n + 1. Let m be v(-13). Let q = c - m. List the prime factors of q.
7
Let z be 6/(-5)*150/(-45). List the prime factors of 87 + (-2 - (5 - z)).
2, 3, 7
Let q be ((-105)/10)/((-1)/(-2)). What are the prime factors of (-50)/(-14) - (-12)/q?
3
Let k(t) be the third derivative of t**5/60 - t**4/6 + t**3/6 - 16*t**2. Suppose -i - 1 + 6 = 0. What are the prime factors of k(i)?
2, 3
Suppose 0 = 3*h + 3*q - 201, -3*q + 0 = 15. What are the prime factors of h?
2, 3
Let s(g) = g - 13. Let n be s(14). Let w(m) = 27*m - 4 + 5 - n + 2. List the prime factors of w(1).
29
Let t(c) = 2*c**3 - 26*c**2 + 5*c - 44. What are the prime factors of t(13)?
3, 7
Suppose -26*r + 49500 = -7232. What are the prime factors of r?
2, 1091
Suppose -3*m = -2*n + 524, 5*m = -n + 4*m + 272. What are the prime factors of n?
2, 67
Let u(q) be the first derivative of -q**3/3 - 9*q**2/2 - 2*q - 4. Let m(d) = 4*d + 2. Let y be m(-2). What are the prime factors of u(y)?
2
Let d(h) = 3*h - 20. Let w be d(8). Let b be 3/(-30)*w*-5. Suppose -b*q = q - 21. List the prime factors of q.
7
List the prime factors of 12/42 - (62480/14)/(-4).
2, 3, 31
Let f be 14/21 + (-952)/(-3). Suppose -2*d = -38 + f. What are the prime factors of d/(-8 - -4) - -1?
2, 3
What are the prime factors of (-9)/(-120)*4 - (-73339)/70?
2, 131
Let p = -20 + 24. Suppose 4*q = -16, -q = -4*c - p*q + 1320. List the prime factors of c.
3, 37
What are the prime factors of 504 + (0 - (3 + 3))?
2, 3, 83
Let j = 688 - 439. What are the prime factors of j?
3, 83
Suppose 9*q = 5*q + 552. Let k = 215 - q. List the prime factors of k.
7, 11
Let o(m) = 4*m**2 + 10*m + 189. List the prime factors of o(25).
2939
Let g be 1*1/1 - -98. What are the prime factors of 1*g + (2/(-1))/(-2)?
2, 5
Suppose 3*h + 4*t - 162 = h, -4*t = 3*h - 233. List the prime factors of (-2)/(-3 - 0 - (-212)/h).
2, 71
List the prime factors of 3072/30 - (-20)/(-50).
2, 3, 17
Suppose 6 = -25*z + 27*z. Suppose 15 - 181 = -z*i - 4*c, -i + 62 = -2*c. What are the prime factors of i?
2, 29
Let h(g) = -4*g**2 - g**3 - 90 + g**2 + 86 - 3*g. Let k be h(-3). Suppose 5*y + 4 = -u - 2, -4*u + 6 = k*y. List the prime factors of u.
2
Suppose 156*k - 59475 = 143*k. List the prime factors of k.
3, 5, 61
Suppose -2*o + 186 = -2*f, 6*o + 2*f - 174 = 4*o. Suppose -6*y = -y - o. What are the prime factors of y?
2, 3
Let p(c) = c**3 - 13*c**2 + 23*c - 3. Let k be 10 - ((-2)/(-8) + (-25)/20). What are the prime factors of p(k)?
2
Suppose -10 = 3*y + 14. Let s(u) = u**2 + 8*u. Let x be s(y). Suppose x = -0*r - 5*r + 75. List the prime factors of r.
3, 5
Let o(y) = -y + 177. Let l be o(0). Let u = l - 97. What are the prime factors of u?
2, 5
Let k = -29 + 187. List the prime factors of k.
2, 79
Let o = 117 + -86. Suppose -3*h = h - 236. Let q = h - o. List the prime factors of q.
2, 7
Let f(w) = 154 + w**2 - 82 - 11*w**2 + 11*w + w**3 - 77. Let y = 11 + -2. What are the prime factors of f(y)?
13
Let x(d) = 77*d - 77. List the prime factors of x(5).
2, 7, 11
What are the prime factors of 450/(-27)*((-288)/(-10))/(-1)?
2, 3, 5
Suppose -15*z + 17*z = 480. Suppose 6*q = 2*f + q - z, -349 = -3*f + 2*q. What are the prime factors of f?
5, 23
List the prime factors of ((-3)/(-6))/(1/4) + 1086.
2, 17
Let d(x) = 4*x**3 + 6*x**2 - 4*x + 54. Let n(k) = k**3 + k**2 - k - 1. Let l(q) = d(q) - 5*n(q). What are the prime factors of l(0)?
59
Let g(h) = h**3 - 17*h**2 + 11. Let n = 72 + -55. List the prime factors of g(n).
11
Suppose 4*j - 1991 = -o, -5*o - 486 = -3*j + 1013. What are the prime factors of j?
2, 3, 83
Let f = -1748 + 2684. What are the prime factors of f?
2, 3, 13
Let g be (-1)/(2/4 - 475/930). Let h = -60 + g. What are the prime factors of h?
3, 11
Suppose 6 = 19*n - 16*n. Suppose -4*x = -n*y + 468, y = -3*y + x + 936. What are the prime factors of y?
2, 3, 13
Let p(f) = 22*f + 188. List the prime factors of p(28).
2, 3, 67
Let m be 26/2 - (-5 - -9). Let f be (-3)/m + 7/3. Suppose -f*a + 0*k = -k - 121, -a + 47 = 4*k. List the prime factors of a.
59
Let z(i) = 2*i**2 + 7*i + 5. Let l be z(-4). Suppose 15 - l = 3*g. Suppose 3*f + 20 = g*s + f, 5*s + 4*f = 59. List the prime factors of s.
11
Let c(n) = -n**2 - n + 10. Let w be c(0). Let j = w + -10. Suppose -4*r + r + 6 = j. What are the prime factors of r?
2
Let s(x) = x**3 - 10*x**2 - 26*x + 20. Let c be s(12). What are the prime factors of c/(-12) - 1498/(-6)?
2, 5
Let g = -155 - -105. Let f be ((-120)/g)/((-4)/(-10)). Suppose 4*p - 95 = -3*u, 5*p - 120 = -f*u + u. What are the prime factors of p?
23
Let m(x) = 25*x + 37. What are the prime factors of m(21)?
2, 281
Let k(c) = 25*c**2 + 4*c + 11. What are the prime factors of k(-4)?
5, 79
Let f = 1406 - 773. List the prime factors of f.
3, 211
Let t be 1 + 8/20*5. Suppose 4*m + t*g = 304, -3*m - m + 308 = 2*g. List the prime factors of m.
79
Let k(q) = -q - 8. Let v be k(-13). Suppose -v*s = -5*r - 120, 70 = 3*s + 2*s + 5*r. List the prime factors of s.
19
Let q = -110 + 254. Suppose 3*l - q = l. What are the prime factors of l?
2, 3
Let p(b) = 47*b**2 - 2*b + 6. What are the prime factors of p(4)?
2, 3, 5
Suppose -30 + 6 = -2*t. Let u(h) = 13 + 6 + 4*h - t*h. What are the prime factors of u(-5)?
59
Let u(w) = 27*w + 1. Let f(o) = -o - 11. Let y be f(-14). List the prime factors of u(y).
2, 41
Let t(y) = -2*y**3 + 3*y**2 - 5*y + 3. Let u be t(2). Let l = -2 - u. What are the prime factors of l?
3
Let z = -3957 + 7612. What are the prime factors of z?
5, 17, 43
Suppose 0 = -r + 220 + 2. What are the prime factors of r?
2, 3, 37
Suppose 2 = -v + 6, v = 2*r - 14. What are the prime factors of (r + -2)*(-288)/(-42)?
2, 3
Suppose 5*f - 8*f + 216 = 0. Suppose f = 3*g - 4*v, 0 = g + g - 2*v - 48. Suppose -2*b + 61 = 3*j, 0 = 4*j - 2*b - 62 - g. List the prime factors of j.
3, 7
Let t = 878 + -585. What are the prime factors of t?
293
Suppose 1188 = -0*k + 6*k. Suppose -11*v - k = -14*v. List the prime factors of v.
2, 3, 11
List the prime factors of (-43701)/(-18) + (-64)/(-384).
2, 607
List the prime factors of (8 + 1272/30)/(1/90).
2, 3, 7
List the prime factors of -2 + (-6 - (6 - 479)).
3, 5, 31
Let y(w) = -117*w - 96. What are the prime factors of y(-6)?
2, 3, 101
Let v = 30 - 32. What are the prime factors of (4 - 37/2)*v?
29
Let c = -3648 + 6138. What are the prime factors of c?
2, 3, 5, 83
Let c(a) = -433*a**3 - a**2 + 2. Let z be c(-1). Suppose 2*u - 4*q = z, 4*u + 4*q - 838 = 2*q. What are the prime factors of u?
211
Suppose -3*j - 5 = g + 8, -5*j - 18 = -2*g. Let m be (-3 - (j - 0)) + 2. Let z(w) = 3*w**2 + w + 4. What are the prime factors of z(m)?
2, 17
Suppose 6815 = 2132*c - 2127*c. List the prime factors of c.
29, 47
Let g be (-3)/(111/(-30) - -4). Let n(d) = -d**3 - 9*d**2 + 9*d + 5. What are the prime factors of n(g)?
3, 5
What are the prime factors of 5*(751476/(-55))/(-12)?
5693
Let t(h) = h**3 - 8*h**2 - h - 6. Let w be t(8). Let f = w + 112. List the prime factors of f.
2, 7
Suppose 30 = 5*h - 6*t + 3*t, h = 4*t + 23. Suppose -4*z = -0*z + h*c - 615, 4*c = -3*z + 456. List the prime factors of z.
2, 3, 13
Let f(m) = 56*m**3 + 9*m**2 - 28*m - 2. What are the prime factors of f(3)?
11, 137
Suppose -5 = 3*p - 14. Suppose 8 = -p*q + 131. What are the prime factors of 